s divided by o?
9
Suppose i + 0*i - 14 = 0. What is the remainder when i is divided by 5?
4
Suppose -26 - 34 = -5*s. Suppose 0*y = -2*y + s. What is the remainder when y is divided by 4?
2
Calculate the remainder when 17 is divided by ((-16)/(-14))/(8/28).
1
Let g(m) = m - 3. Let r be g(6). Suppose -r = i - 8, -158 = -3*v - 4*i. What is the remainder when v is divided by (8/(-6))/((-1)/12)?
14
Let v = -5 + 5. Suppose 4*m - m = v. What is the remainder when (2/1)/1 - m is divided by 2?
0
Suppose -h - 96 + 115 = 0. Calculate the remainder when 55 is divided by h.
17
Let g(y) = -y**3 - y + 54. What is the remainder when g(0) is divided by 29?
25
Suppose -7 - 5 = -4*m, 0 = -3*h - 3*m + 90. What is the remainder when h is divided by 16?
11
Suppose 5*q + v = 77, -2*v - 15 = 3*v. Calculate the remainder when 77 is divided by q.
13
Let o = 84 - 34. Suppose 15*c = 13*c - 54. Let y = c + o. Calculate the remainder when y is divided by 6.
5
Suppose -5*o = -3*k + 56, 2*k + 3 - 53 = -3*o. Let v = k + -1. Calculate the remainder when v is divided by 8.
5
Let w be 5/20 - (-14)/8. Suppose -3*s - z + 14 = 0, 0 = -z - w + 1. Suppose 12 = 2*g + 3*v - 7, 5*v + 15 = 0. What is the remainder when g is divided by s?
4
Let s = 32 + -19. Calculate the remainder when 34 is divided by s.
8
Let y(g) = 2*g**2 + 11*g + 14. Let s = -3 + 4. What is the remainder when y(-7) is divided by s/3 + (-53)/(-3)?
17
Suppose 2*b - 3*z = 11, 5*b = 3*z + 9 + 14. Suppose b*w + 12 = 0, -a - 4 = 4*w + 1. What is the remainder when a is divided by 4?
3
Let l(w) = -1 - 7 + 2 + 3 - 5*w. What is the remainder when 34 is divided by l(-3)?
10
Let z(y) = 16*y**2 + 1. Let k = 0 - -1. Let h be k*((-4)/2 - -1). Calculate the remainder when 33 is divided by z(h).
16
Let s(f) = f + 7. Suppose -3*d - 3*y = 0, y - 6 = -d + 3*d. What is the remainder when (d - 2)*(-140)/16 is divided by s(5)?
11
Suppose 6 = 8*y - 5*y. What is the remainder when 14 is divided by 4 - 0/(y + -4)?
2
Let m(t) = -4*t + 7. Let i = -30 + 23. Calculate the remainder when m(i) is divided by 9.
8
Suppose 0 = -c + 3*c - 4. Suppose -c*n + 27 = -3*g, -9 = -n + 3*g - 0. Calculate the remainder when 53 is divided by n.
17
Calculate the remainder when -1 - 24/8*13/(-1) is divided by 14.
10
Let w be ((-12)/4)/(1/(-6)). Suppose -5*x + 3*o + w = -9, o = 3*x - 17. Suppose 5*k = x*k - 8. What is the remainder when k is divided by 5?
3
What is the remainder when (4/10)/((-9)/(-1395)) is divided by 13?
10
Let w(v) = -v**2 - v + 3. Let z be w(0). Let t(q) = q**3 - 5*q + 3. What is the remainder when t(z) is divided by 8?
7
Let g be (3/6)/((-3)/(-30)). Let i be (2/4)/((-3)/(-222)). Suppose g*b + 2 - i = 0. Calculate the remainder when 19 is divided by b.
5
Calculate the remainder when 142 is divided by ((-12)/10)/(2/(-40)).
22
Let m(v) = -12*v**3 - 3*v**2 - 3*v - 5. Calculate the remainder when m(-2) is divided by 11.
8
Suppose 0 = 3*j - j - 5*i + 38, -12 = j + i. Let h = -11 - j. What is the remainder when 10 is divided by h?
1
Suppose 0 = -u + 15 + 7. What is the remainder when (-2)/3 + (-128)/(-3) is divided by u?
20
Suppose 4*b + 5 - 49 = 0. Let o(d) = 12*d + 2. Let j be o(2). Let x = b + j. What is the remainder when x is divided by 13?
11
Suppose -7*s = -3*s - 12. Suppose -73 + 1 = s*r. Let u = 68 + r. What is the remainder when u is divided by 15?
14
Let j(t) = t**3 + 2*t**2 - t. Let i be j(-2). Let d(n) = 7*n**2 + 1. Let a = 5 + 10. What is the remainder when d(i) is divided by a?
14
Suppose -2*a - 3*a = -30. Suppose 0 = 3*w - 15 - a. What is the remainder when w is divided by 3?
1
Let u be 0/(-2)*(-1)/(-2). Suppose -3*m - 2*p = -62, -p - 2 = -u*p. What is the remainder when 64 is divided by m?
20
Suppose 2*o + 2 - 16 = 0. What is the remainder when o is divided by 4?
3
What is the remainder when 61 is divided by 3984/192 - 2/8*-1?
19
Calculate the remainder when (18/(-12))/((-1)/58) is divided by 18.
15
Suppose 77 = 29*m - 22*m. What is the remainder when 109 is divided by m?
10
Let b(z) = -31*z**3 - z**2 - z + 1. What is the remainder when 62 is divided by b(-1)?
30
Suppose d + 4*d = 0. Suppose -z = -d*z + 2, a + 5*z + 11 = 0. Calculate the remainder when -4 - -6 - 20/a is divided by 8.
6
Let i be 20/1 + (-10 - -6). Suppose -s + 11 = q - i, -2*q = -s - 51. What is the remainder when q is divided by 7?
5
Let p be ((-28)/4)/(2/(-10)). Suppose -2*h + 4*f = h - p, -2*f - 63 = -5*h. Calculate the remainder when -1*((-2)/(-1) + -27) is divided by h.
12
Let s = -6 - -6. Suppose -3*v - 2*v + 175 = s. Suppose -43 = -5*l + 17. What is the remainder when v is divided by l?
11
Suppose 3*p + 43 = 184. Calculate the remainder when p is divided by 0 + 1 + 69/3.
23
Let v = -17 + 36. What is the remainder when 56 is divided by v?
18
Let z be (5 - 2)*(-326)/(-6). Suppose 0 = -5*g + z - 58. What is the remainder when g is divided by 10 + -1*(-3 - -2)?
10
Calculate the remainder when 47 is divided by (-7)/(-3)*(-2 + 5).
5
Let w(f) = -f**3 + 11*f**2 + 6*f + 6. Calculate the remainder when w(11) is divided by 25.
22
Let c = -35 + 55. Calculate the remainder when 57 is divided by c.
17
Let y = -5 - -9. Let o = y - 0. Let l = -1 - -12. Calculate the remainder when l is divided by o.
3
Let b be (-4)/(-8) - (-3)/(-2). Let d be b/(-3) - 14/(-3). Let v(a) = a**3 - 5*a**2 + 4. What is the remainder when 10 is divided by v(d)?
2
Let o(c) = 6*c**2 + c + 1. What is the remainder when o(-2) is divided by 6?
5
Suppose 0 = 2*k - 2 - 24. Calculate the remainder when -10*(-3)/5*4 is divided by k.
11
Let n = -1 - 0. Calculate the remainder when n/(1 - (-16)/(-15)) is divided by -2*5/(15/(-12)).
7
Suppose -4*a + 298 = a + z, 0 = -2*a - 4*z + 130. Suppose -5*g + a + 46 = 0. Calculate the remainder when g is divided by 8.
5
Let y(x) = -9*x - 15. Let r(w) = w + 1. Let q(n) = 6*r(n) + y(n). Calculate the remainder when 22*2*2/4 is divided by q(-7).
10
What is the remainder when 68 is divided by (-1431)/(-63) - (-2)/7?
22
Suppose 4*n = q - 65, -20 = n + 4*q - 3*q. Let w be (1 + 54/4)*2. Let a = n + w. Calculate the remainder when 35 is divided by a.
11
Suppose 0 = -x - 2*x + 24. Calculate the remainder when 20 is divided by x.
4
Let z(x) = x - 1. Let l be z(4). Suppose -t + 4*s + 42 = 0, 3*t - 83 = l*s - 2. Calculate the remainder when t is divided by 8.
6
Suppose 3*r - 61 + 7 = 0. What is the remainder when r is divided by 10?
8
Suppose 2*j - 41 = -3*p + 6*j, 4*j + 20 = 0. Suppose -2*w - 23 + 63 = 0. Calculate the remainder when w is divided by p.
6
Let b be (-3)/6 - (-25)/(-2). What is the remainder when (-1 + 0)*1*b is divided by 28/(-126) + (-74)/(-9)?
5
Suppose 2*j - 2*f - 54 = -0*j, -4*j = 3*f - 80. Let y be (-4)/2 + 0/4. Let c = y + 14. What is the remainder when j is divided by c?
11
Let x = -5 + 15. Let t = 8 + -5. What is the remainder when x is divided by t?
1
Let f be (6/5)/((-9)/(-30)). Suppose -5*w = 5*g - 100 + 30, 3*w - f*g = 14. What is the remainder when 19 is divided by w?
9
Suppose 22 = 4*a - 22. Let n = -7 + a. Suppose -2*o + 2*g = -16, -3*o + 10 = -n*g - 9. Calculate the remainder when 24 is divided by o.
11
Let r(n) = -n**2 - 9*n - 5. What is the remainder when 24 is divided by r(-6)?
11
Suppose 0 - 4 = -2*r. Calculate the remainder when 34 is divided by 92/5 + r/(-5).
16
Let w(h) = -h + 17. Let t be w(0). Let f = t + -1. What is the remainder when f is divided by 6?
4
Let d(w) = -2*w + 2. Let u be d(-2). Suppose -8*c + 172 = -28. What is the remainder when c is divided by 2/(-6) + 56/u?
7
Suppose q - 8 = -3*q. Suppose -28 = -2*x - q*x. Suppose x*m + 3*z = 2*m + 133, 0 = -2*z + 2. Calculate the remainder when m is divided by 9.
8
Let q = -13 + 36. Suppose 60 = u + q. What is the remainder when u is divided by 13?
11
Suppose 0 = 5*o + 20, -b + 3*b = -2*o + 20. Suppose 5 - b = -g. What is the remainder when 17 is divided by g?
8
What is the remainder when (1 + -17)*((-6)/(-4) + -3) is divided by 7?
3
Let t = 106 - 75. What is the remainder when t is divided by 17?
14
Suppose 0 = l + 2*h - 1, 22 = 3*l - 2*h + 3. Calculate the remainder when 17 is divided by l.
2
Let l(y) = y**2 - 13*y + 14. Let i be l(12). Let h(z) = 10*z**2 - z. Calculate the remainder when h(i) is divided by 10.
8
Let d = -6 - -10. Suppose h = -3*h + 16. Suppose -h*o = 2*p - 52, -3*p - 